/(-28).
3, 173
Let n(q) = 527*q**2 - 30*q - 42. List the prime factors of n(-2).
2, 1063
Let z = 5288 + -3032. What are the prime factors of z?
2, 3, 47
Suppose 22*n + 57*n = -42*n + 1158817. What are the prime factors of n?
61, 157
Suppose 5*j = -4*c + 2864 + 606, 4*c + 670 = j. Suppose -4*l - 4*o = -6*l + j, -5*l + 1755 = -4*o. List the prime factors of l.
5, 71
Let i = 2700 + -1817. Suppose 9*h = 11*h + 10, 0 = -2*v - 3*h + i. What are the prime factors of v?
449
Suppose 27*c + 316363 - 92113 = 165*c. What are the prime factors of c?
5, 13
Suppose -5 = -d, -4*d = 5*w - 4*w - 351. What are the prime factors of 0 - 0/4 - (3 - w)?
2, 41
Suppose 5*w - 3*t + 1007 = -949, -5*t = -3*w - 1164. Let b = -244 - w. List the prime factors of b.
149
List the prime factors of -2*6/150 - (-684704)/50.
2, 41, 167
Let u(n) = -42*n**3 - n**2 + 1. Let r = 93 - 47. Let y = -47 + r. What are the prime factors of u(y)?
2, 3, 7
Suppose -9*a + 5*a + 12 = 0, -10 = -5*j + 5*a. Suppose -10 = -5*c, -j*o = -0*c + 3*c - 26. Suppose -47 = -o*b + 577. List the prime factors of b.
2, 3, 13
Suppose y + 290 = 2*y. Suppose 4*z - 13 = d + 4, -2*z - 4*d = -22. Suppose z*v - y = 120. What are the prime factors of v?
2, 41
Let i(u) = -u**3 - 8*u**2 + 8*u + 12. Let b be i(-6). What are the prime factors of 1/3 - 4/(b/2475)?
2, 23
Let y(x) = 1580*x**2 - 2*x - 3. What are the prime factors of y(-1)?
1579
Suppose 5*v - d + 4*d + 50 = 0, v = -d - 12. Let n(r) = r - 23*r**2 - r + 13*r**2 + 13*r**2 + 11*r - 5. What are the prime factors of n(v)?
5, 13
Let r = -363 + 696. What are the prime factors of 4 + r/45 + 4/(-10)?
11
Let l = 151 + -124. Suppose 2*h - 12644 = -l*h. What are the prime factors of h?
2, 109
Let t(l) = -6*l + 85. Let q be t(14). Let w(o) = 16*o**2 - 12*o + 13. List the prime factors of w(q).
17
Let x = 31686 - 15990. What are the prime factors of x?
2, 3, 109
Let t(h) be the third derivative of -10*h**2 + 1/2*h**3 - 3/8*h**4 + 0 + 0*h. What are the prime factors of t(-7)?
2, 3, 11
Let g = 1777 + -1453. List the prime factors of g.
2, 3
Suppose -2*y + 8 = 5*j - 7, 3*j - 47 = -5*y. Suppose -16330 + 4650 = -y*v. List the prime factors of v.
2, 73
Suppose -11736 = -4*d + 2*d - 3*p, -5*p = -d + 5881. What are the prime factors of d?
3, 19, 103
Suppose -3*t + 1386 + 1602 = 0. What are the prime factors of t/5 - (1 - -1)/10?
199
Let i = 274 + 2629. List the prime factors of i.
2903
Let n(a) = 93*a**2 + 19*a - 80. List the prime factors of n(24).
2, 11, 613
Suppose -995 = 27*u - 8528. What are the prime factors of u?
3, 31
Suppose -p + 4*y = -41365, 1179*y - 1184*y - 20 = 0. What are the prime factors of p?
3, 7, 11, 179
Suppose 5*q - 66 = 344. Let s = q - -1536. List the prime factors of s.
2, 809
List the prime factors of (-1 + 157)*(-14 + (-2519)/(-44)).
3, 13, 173
Let n = 81 + -70. Suppose 0 = 6*i - n*i - 2*y - 59, -10 = 5*y. Let x(g) = 3*g**2 + 12*g + 12. List the prime factors of x(i).
3
Suppose 4*y = -4*k + 268, 4*k - 2*k = -3*y + 129. Let h = k - 76. Let z = h - -194. List the prime factors of z.
2, 5, 19
Let l = 130 + 226. Suppose l = 2*m - 626. What are the prime factors of m?
491
Let h(m) = 28*m**2 - 11*m - 880. What are the prime factors of h(-22)?
2, 11, 587
Suppose 5*y + z - 1 = 0, 5*y = -0*y + z - 1. Suppose -4*x + 9*x - 10 = y. What are the prime factors of -4*(28/(-4) - 2)/x?
2, 3
Let q(d) = -187*d**3 - 2*d**2 - 2*d + 2. Let n be q(1). What are the prime factors of (-962)/(-14) + (-18)/n*3?
3, 23
Let l(u) = -85*u + 47. Let f be l(-3). Let s = f - -1042. What are the prime factors of s?
2, 3, 7
Let m = 216318 - 145980. List the prime factors of m.
2, 3, 19, 617
Let f(x) = 1387*x**2 - 229*x + 915. List the prime factors of f(4).
3, 13, 569
Let c be (192 - (0 + 0)) + 1. Let q = 102 + -160. Let f = c + q. What are the prime factors of f?
3, 5
Let v(x) = x - x**3 - 4 + x + 1409*x**2 - 1405*x**2. List the prime factors of v(3).
11
Suppose 4*u - 3*q - 118296 = 0, 36*q - 38*q - 59148 = -2*u. List the prime factors of u.
2, 3, 31, 53
Suppose -66736 = -134*s + 118*s. Let r = s + -2599. List the prime factors of r.
2, 3, 131
Suppose 4*q + 9*s - 22564 = 14*s, 4*q - 22548 = s. List the prime factors of q.
2, 1409
Suppose 3*f - 4*k = -6*k + 34071, 45388 = 4*f - 4*k. List the prime factors of f.
11353
Let u = 155 + -447. Let q = -180 - u. Suppose -5*m = -2*b + 224, -5*m = 2*b - 3*b + q. What are the prime factors of b?
2, 7
Let v(m) = -m**3 + 6*m**2 + m - 4. Let b(y) = y**2 + 5*y - 8. Let w be b(-7). Let u be v(w). Suppose -3*z + 64 = -u*z. List the prime factors of z.
2
Let y(n) = n**3 + 19*n**2 - 12*n + 19. Suppose g = 4*g + 5*v + 76, 4*g + 2*v = -78. What are the prime factors of y(g)?
3, 89
Suppose -4*o - 14194 = -b + 11563, 7*b - 3*o = 180474. List the prime factors of b.
3, 5, 191
Suppose 4*g = 3*g - 15. Let s be 18/g*1/((-9)/(-30)). List the prime factors of (s/(-4))/(4/236).
59
Let b be (-1 - 2)*2/2. What are the prime factors of 2066/8 + b/(-4)?
7, 37
Let i be 11/(-3) - (-6)/9. Let n be 14/(i*5/15). Let l = 48 - n. List the prime factors of l.
2, 31
Let q(w) be the first derivative of -w**3/3 - w**2/2 - w - 13. Let r(k) = -5*k**3 + 9*k**2 - 10*k + 1. Let c(v) = -q(v) - r(v). List the prime factors of c(2).
2, 3, 5
Let g = 293 + -289. Suppose 0 = d - 2*l - 819, g*l - 2087 = -4*d + 1225. What are the prime factors of d?
3, 5, 11
Suppose 14*n + 2 = 13*n. Let b be n/4*-2*(-166)/(-1). Suppose 4*f - 114 = b. List the prime factors of f.
2, 5, 7
Let q be 12/4*1164/4. Let f = 1236 - q. Let a = 519 - f. List the prime factors of a.
2, 3, 13
Let y be ((-69)/9)/((-2)/12). Let o = 2326 - 2273. Suppose 3*r - o = j + j, 2*r - y = 4*j. What are the prime factors of r?
3, 5
Let g be ((-2)/4)/((27/(-7254))/3). Let h = -47 - -54. Suppose -67 + g = h*s. List the prime factors of s.
2, 3
Let n(u) = -21*u**3 + 8*u**2 + 5*u + 6. Let l be n(-5). Let p = 7181 - 7171. What are the prime factors of l/p - (65/25 + -3)?
281
Let i(u) = -3*u**3 + 2*u**2 - 3*u. Let m be i(2). Let o be 1*2*2 + 20 + m. Suppose -v + 5*v + o*n - 186 = 0, -3*n - 3 = 0. What are the prime factors of v?
47
List the prime factors of (-7196)/154*-11 + -5.
509
What are the prime factors of 207/(-92) - (-2)/8 - -11249?
3, 23, 163
What are the prime factors of (1*-5709 + -4)/((-34)/34)?
29, 197
Let d = 10 + -10. Let y be 2194/4 + (d - (-2)/(-4)). Suppose 2*n = -b + 240 - 19, 5*n + b = y. List the prime factors of n.
109
Let t(l) = 6*l - 27. Let j be t(5). Suppose 0 = -3*d - j*y + y + 9, -3*y = -4*d + 12. Suppose -d*w + 195 = 2*w. List the prime factors of w.
3, 13
Let w(x) = -14*x**3 - 50*x**2 + 38*x + 10. List the prime factors of w(-7).
2, 131
Let d(f) be the second derivative of f**4/12 + 7*f**3/3 + 31*f**2/2 - f + 64. What are the prime factors of d(-18)?
103
Let q = 32572 + -16637. What are the prime factors of q?
5, 3187
Suppose 0 = 13*w - 8*w - g - 50365, -w + 2*g + 10082 = 0. What are the prime factors of w?
2, 1259
Let v = 24014 + -9768. List the prime factors of v.
2, 17, 419
Suppose -3*m = z - 6*m + 48, -3*m - 36 = z. What are the prime factors of ((-97)/(0 + 1))/(14/z)?
3, 97
Suppose -8*q = -4*q - 44. Suppose q*y - 25 = 16*y. List the prime factors of (2/7)/(y/(-1435)).
2, 41
Let d be 32/3*4/((-8)/(-3)). Suppose 0 = -d*r + 14*r + 394. List the prime factors of (13 - 12) + r*1.
2, 3, 11
List the prime factors of (3*5)/(5 - 568448/113696).
3, 5, 11, 17, 19
Let k = 22629 - -5751. What are the prime factors of k?
2, 3, 5, 11, 43
Suppose -4*n + 5 = 5*m - 3, -2*m + 17 = -3*n. Suppose -3*f + u + 39 = 437, -5*f - 675 = -m*u. List the prime factors of 3/(1 - (-128)/f).
131
Let v(k) be the third derivative of 53*k**4/4 - 9*k**3/2 + 123*k**2. List the prime factors of v(3).
3, 103
Suppose -58*n = -57*n - 2. Let d be 6 - 3*2/3. Suppose 4*w - n*z - 404 = -24, -368 = -d*w - z. List the prime factors of w.
3, 31
List the prime factors of 23237 + (24/(-32))/(7/28).
2, 11617
Let y = 1484 + -285. What are the prime factors of y?
11, 109
What are the prime factors of ((-418)/(-95))/(2/1715)?
7, 11
Let x = 57841 + -8919. List the prime factors of x.
2, 61, 401
Let t be (43 - -5 - (-4 + 1)) + 3. Let r = t - -25. What are the prime factors of r?
79
Suppose -113 = -3*o + 5*m, 6*o - 245 = o - 3*m. Suppose 2786 = o*r - 44*r. What are